ands digit of 1236098211?
9
What is the tens digit of 12739302?
0
What is the ten millions digit of 405361945?
0
What is the ten millions digit of 4557637478?
5
What is the thousands digit of 43256152?
6
What is the units digit of 632318141?
1
What is the thousands digit of 127221355?
1
What is the tens digit of 1784085623?
2
What is the ten thousands digit of 337953483?
5
What is the units digit of 55592933?
3
What is the tens digit of 22175875?
7
What is the ten millions digit of 107004772?
0
What is the millions digit of 605875757?
5
What is the hundreds digit of 91227734?
7
What is the thousands digit of 699871849?
1
What is the ten millions digit of 65774218?
6
What is the tens digit of 328705352?
5
What is the tens digit of 404059766?
6
What is the hundred millions digit of 599900642?
5
What is the units digit of 7439870?
0
What is the tens digit of 58690956?
5
What is the tens digit of 5022303795?
9
What is the units digit of 160164041?
1
What is the ten millions digit of 13570666?
1
What is the ten thousands digit of 3255099?
5
What is the hundred millions digit of 132904339?
1
What is the tens digit of 11327620?
2
What is the billions digit of 1841649066?
1
What is the units digit of 124372749?
9
What is the hundreds digit of 143205588?
5
What is the ten thousands digit of 71613104?
1
What is the millions digit of 12475100?
2
What is the hundreds digit of 3351145658?
6
What is the millions digit of 839181788?
9
What is the ten millions digit of 5474531609?
7
What is the thousands digit of 49675586?
5
What is the tens digit of 204544191?
9
What is the thousands digit of 3117798?
7
What is the hundreds digit of 130936203?
2
What is the hundreds digit of 169763142?
1
What is the hundreds digit of 10573815?
8
What is the millions digit of 48154390?
8
What is the ten thousands digit of 517704139?
0
What is the millions digit of 3081174645?
1
What is the millions digit of 1959549650?
9
What is the hundreds digit of 151450698?
6
What is the units digit of 1379073592?
2
What is the hundred millions digit of 132809984?
1
What is the millions digit of 3955698305?
5
What is the hundred millions digit of 205810643?
2
What is the hundred thousands digit of 3752713637?
7
What is the hundreds digit of 271430318?
3
What is the units digit of 34813115?
5
What is the units digit of 236179444?
4
What is the thousands digit of 230637867?
7
What is the billions digit of 1282239268?
1
What is the hundred millions digit of 2957227028?
9
What is the hundred thousands digit of 482538661?
5
What is the millions digit of 46122226?
6
What is the hundred millions digit of 481028689?
4
What is the units digit of 129695283?
3
What is the thousands digit of 105478622?
8
What is the tens digit of 27707427?
2
What is the ten millions digit of 532820888?
3
What is the tens digit of 39607049?
4
What is the ten millions digit of 94714230?
9
What is the hundreds digit of 119190885?
8
What is the ten millions digit of 83272589?
8
What is the millions digit of 25172943?
5
What is the units digit of 2568615671?
1
What is the hundreds digit of 147582162?
1
What is the ten thousands digit of 107035903?
3
What is the millions digit of 3800009512?
0
What is the tens digit of 418040166?
6
What is the hundred millions digit of 159671068?
1
What is the ten thousands digit of 151563234?
6
What is the ten millions digit of 52350338?
5
What is the hundred millions digit of 127963411?
1
What is the hundreds digit of 1066754609?
6
What is the thousands digit of 4079456807?
6
What is the ten thousands digit of 170142566?
4
What is the hundreds digit of 2378871771?
7
What is the ten thousands digit of 699652523?
5
What is the ten millions digit of 684423259?
8
What is the millions digit of 174472198?
4
What is the millions digit of 1534808431?
4
What is the hundred millions digit of 382702540?
3
What is the units digit of 162642154?
4
What is the hundreds digit of 1101175928?
9
What is the hundreds digit of 36399790?
7
What is the hundreds digit of 60514724?
7
What is the millions digit of 550312448?
0
What is the ten thousands digit of 127161006?
6
What is the millions digit of 1858685173?
8
What is the ten thousands digit of 683763917?
6
What is the hundred millions digit of 922385554?
9
What is the thousands digit of 139613927?
3
What is the tens digit of 17271302?
0
What is the hundred thousands digit of 132901231?
9
What is the hundreds digit of 6262808?
8
What is the ten millions digit of 88567639?
8
What is the units digit of 717496396?
6
What is the thousands digit of 44272041?
2
What is the hundred thousands digit of 22473978?
4
What is the billions digit of 1917200326?
1
What is the hundreds digit of 44678970?
9
What is the thousands digit of 47679599?
9
What is the ten millions digit of 37234731?
3
What is the hundreds digit of 1008879754?
7
What is the thousands digit of 18100786?
0
What is the ten thousands digit of 270689012?
8
What is the ten millions digit of 61283707?
6
What is the hundred millions digit of 865581934?
8
What is the hundred thousands digit of 1028381346?
3
What is the millions digit of 4464684521?
4
What is the hundreds digit of 31252458?
4
What is the billions digit of 6996817187?
6
What is the thousands digit of 229679095?
9
What is the thousands digit of 68782580?
2
What is the millions digit of 98536313?
8
What is the hundred thousands digit of 6504651290?
6
What is the hundred millions digit of 989877385?
9
What is the millions digit of 504376457?
4
What is the hundred thousands digit of 36899105?
8
What is the thousands digit of 41416821?
6
What is the hundred thousands digit of 216747937?
7
What is the millions digit of 261847234?
1
What is the thousands digit of 196060073?
0
What is the hundred thousands digit of 98256628?
2
What is the hundred thousands digit of 163404815?
4
What is the millions digit of 6713462?
6
What is the tens digit of 47429692?
9
What is the hundred millions digit of 778628016?
7
What is the ten millions digit of 104176874?
0
What is the ten millions digit of 98120918?
9
What is the hundred millions digit of 129904549?
1
What is the ten thousands digit of 27507791?
0
What is the tens digit of 61657864?
6
What is the units digit of 138862072?
2
What is the hundred thousands digit of 603764435?
7
What is the ten thousands digit of 1191044542?
4
What is the hundred millions digit of 402013299?
4
What is the tens digit of 4095728457?
5
What is the hundred millions digit of 480490474?
4
What is the thousands digit of 30739084?
9
What is the millions digit of 141102287?
1
What is the tens digit of 450495426?
2
What is the millions digit of 27236209?
7
What is the units digit of 47295070?
0
What is the tens digit of 44893991?
9
What is the hundreds digit of 828508782?
7
What is the hundred millions digit of 178261532?
1
What is the hundreds digit of 846857667?
6
What is the hundred millions digit of 268572936?
2
What is the tens digit of 547552000?
0
What is the hundreds digit of 511239634?
6
What is the units digit of 4681802437?
7
What is the hundred thousands digit of 25530543?
5
What is the hundreds digit of 2141809635?
6
What is the units digit of 10455274?
4
What is the thousands digit of 3499336051?
6
What is the ten thousands digit of 34041088?
4
What is the hundred millions digit of 2102850885?
1
What is the ten thousands digit of 48782301?
8
What is the thousands digit of 549120200?
0
What is the millions digit of 1853942793?
3
What is the ten thousands digit of 739204682?
0
What is the units digit of 18781782?
2
What is the tens digit of 89795732?
3
What is the millions digit of 3254281?
3
What is the hundred thousands digit of 1150726973?
7
What is the millions digit of 726119195?
6
What is the thousands digit of 551945239?
5
What is the ten millions digit of 177507972?
7
What is the millions digit of 175629291?
5
What is the tens digit of 715157512?
1
What is the ten thousands digit of 73801048?
0
What is the hundreds digit of 46480459?
4
What is the hundred thousands digit of 32055286?
0
What is the units digit of 2158760605?
5
What is the thousands digit of 4364446?
4
What is the hundreds digit of 132284627?
6
What is the ten millions digit of 450237539?
5
What is the tens digit of 40634854?
5
What is the tens d